)/(-7) + 6/u a prime number?
True
Let i be (-4)/(-7) - (-17)/((-476)/968). Is (i/(-6) - -2)/(19/1653) a prime number?
False
Suppose -y - 129 = -508. Suppose -x = 2*l + 122, -x = 2*x - 3*l + 366. Let j = y + x. Is j prime?
True
Let i(j) = 6 + 0 + 3 + 11*j**2 + j**3 + 18*j. Suppose 2*v = -7 - 7. Is i(v) a prime number?
True
Let d(i) = -i**3 + i**2 + i. Let f be d(2). Is -4 + 404 + (f - 1) a composite number?
False
Suppose 4*y + 4 = 8*y. Is y/(-6) + 1862/12 a prime number?
False
Suppose -3*k + 3*u = 0, 0*k + 4*k + 2*u - 12 = 0. Suppose 0 = -k*r + 45 + 243. Let n = -58 + r. Is n prime?
False
Let l be 95/(-2)*-44 + (-4 - -5). Suppose 8*t + l = 11*t. Is t prime?
False
Let o(g) = g**2 - 10*g + 1. Let p be o(10). Is p/3 + (-34480)/(-24) a composite number?
True
Let k(p) = p**3 + 16*p**2 - 2*p - 13. Let b = -6 - -9. Suppose -b*n = -2*r - 38, -n = 5*r - 0*n + 78. Is k(r) prime?
True
Let u be ((-1)/1)/1 + 3. Suppose u*r + 703 = -1041. Is r/(-6) + 1/(-3) a prime number?
False
Let v(r) = 2*r**2 + 2*r + 1. Let a be v(-1). Let b be a/(-5) - (-2168)/40. Suppose -237 - b = -3*g. Is g composite?
False
Suppose -2641 = -n - r, -3*n - 3*r + 7917 = -2*r. Is n composite?
True
Let u be (-120)/(-45) + 1/3. Suppose 2*o - 2008 = -2*g - 2*o, u*g + o = 3017. Is g a composite number?
True
Suppose 3*z = -2*c + 11859, -5*c = 5*z - 10*c - 19765. Is z composite?
True
Let u(w) = 185*w**2 - 5*w - 17. Is u(-8) a prime number?
True
Is 1 - (-11)/(99/(-51690))*-18 a composite number?
True
Let c be -2*(-39)/(-18)*-191*3. Suppose o + 3*n = 487, -5*o + 3*n = 6*n - c. Is o a composite number?
False
Let a(v) = -678*v**3 + 3*v**2 - v - 3. Is a(-1) composite?
True
Let m = 1470 + 1019. Suppose -1 = u, h + 3*u = -3*h + m. Is h a prime number?
False
Let r = -4994 + 8961. Is r prime?
True
Suppose 5*p + b - 254 = 0, -4*p - 5*b + 220 = -0*b. Suppose -790 = -4*u - p. Is u a prime number?
False
Suppose 4*y - 4 = p, -5*y + 3*y - 16 = -5*p. Let d = 121 - 116. Suppose 197 - 31 = 3*k - 5*r, -119 = -y*k - d*r. Is k a prime number?
False
Suppose -8*t + 4*k = -3*t - 103351, 0 = -5*t + 2*k + 103353. Is t prime?
False
Suppose 1 = -3*x - 23. Is 263475/72 - (-3)/x a prime number?
True
Suppose 0 = -4*p - 139 + 407. Is p a prime number?
True
Let s = -4482 + 9181. Is s prime?
False
Let c be (-472)/(-5)*(-1 + 6). Let r = -78 + 76. Is c/4 + r + 5 composite?
True
Suppose 5*u - 4*f = 8 + 18, -3*u - f = -2. Suppose 2*y - y - 114 = 3*b, -3*b = -u*y + 225. Is y a prime number?
False
Suppose 23*q - 30*q = -20461. Is q prime?
False
Suppose -9*o + 2228 = -5*o. Is o a composite number?
False
Suppose 4 = -3*o + 1. Let v be 13 + -12 - (0 - o). Is 1775/5 + v/2 composite?
True
Suppose -4*d - d + 10 = 0. Suppose -5*u - 15 = 0, -u = -d*y + u + 788. Is y a prime number?
False
Let d(z) = 6*z**3 - 2*z**2 - 2. Let y(v) = -3*v + 3. Let l be y(-3). Suppose 5*s + l = 9*s. Is d(s) prime?
False
Is 0 + ((-10)/15)/((-4)/29010) prime?
False
Let o = 3 - -2. Suppose o*n + 239 = -221. Let y = n + 415. Is y prime?
False
Let f(d) = -d**3 + 7*d**2 + 9*d + 9. Let l be f(8). Suppose -s - 12*s = -715. Suppose 3*v + s = 2*x, -2*x - 5*v + 14 + l = 0. Is x prime?
True
Let l(b) = 1351*b + 17. Is l(2) prime?
True
Let a(j) = 558*j + 8. Let y(m) = -112*m - 1. Let f(x) = 2*a(x) + 11*y(x). Let k(t) = t**3 + t**2. Let d be k(-2). Is f(d) composite?
True
Let t(x) = x**2 - 17*x + 6. Let p be t(13). Let l = -3 - p. Is l prime?
True
Is 4/10 + (-1304048)/(-80) prime?
True
Let u = 1 - 10. Let p be (-54)/u*(-1282)/(-3). Suppose 3*b + p = 7*b. Is b prime?
True
Let k be ((-4)/(-5))/(8/80). Let x(n) = n**3 - 9*n**2 + 11*n - 5. Let r be x(k). Is r/(1*(-1)/(-3)) a composite number?
True
Let l be (2/5)/((-2)/(-960)). Let b = -137 + l. Is b a prime number?
False
Let s = -13 + 17. Suppose 2*v + 102 = s*v. Is (-1 - 11)*v/(-12) a prime number?
False
Suppose -12*g = -2*l - 17*g + 38293, -4*g + 76568 = 4*l. Is l composite?
False
Suppose 44*l - 18743 = 22925. Is l composite?
False
Suppose 7*b + 9419 = 5*x + 8*b, -3*b = -12. Is x a prime number?
False
Let u = -14 + 24. Suppose -u*s = -13*s + 795. Is s a composite number?
True
Let o(r) = 381*r - 99. Is o(10) a composite number?
True
Let z be 13/5 - 10/(-25). Let a(u) = -2*u + u - u - 2 - z*u. Is a(-7) a composite number?
True
Let h = 64 - 63. Is -1 + -3 + (-4509)/(-2 - h) a prime number?
True
Let c(f) = 4*f + 958. Let v be c(0). Suppose 4*l - 118 - v = 0. Is l a composite number?
False
Suppose -16*p = 22*p - 189582. Is p prime?
False
Let r = -50 - -54. Suppose r*w = -7*y + 3*y + 7616, 0 = w + 3*y - 1910. Is w a composite number?
False
Suppose v + 2*a + 3*a - 1 = 0, 0 = -3*v + 5*a + 3. Let p be 26/2 - 1/v. Suppose -3*h + 4*u + 8 = -67, 0 = -h - 3*u + p. Is h composite?
True
Let a(d) = 4*d - 4. Suppose 3*b + 27 = 4*p, p + 4*p + 4*b + 5 = 0. Let y be a(p). Suppose 3*u + y = -u, -3*u = -n + 191. Is n prime?
False
Suppose -317 = -4*p + 5*j, 78 = p - 2*j + j. Let u = 2038 + p. Is u a prime number?
True
Suppose -174 = -3*b - 3*w + 7668, 3*b + 4*w - 7841 = 0. Is b prime?
False
Let p(q) = 4*q**2 + 5*q + 4. Let k be p(-1). Suppose -k*z + 147 + 330 = 0. Is z prime?
False
Let j(v) = 1363*v**3 - 3*v + 1. Is j(1) prime?
True
Suppose -3*p = -p + 7584. Let z be p/40*40/(-6). Suppose 5*d = 3*u + z - 150, d + 2*u = 86. Is d a prime number?
False
Suppose -6*n = 3*n - 5229. Is n a composite number?
True
Let k = -10 + 16. Suppose -k*b + b - 5 = 0. Is (-2 + 420 - b) + 0 prime?
True
Let k(y) = 68*y + 1. Let a(b) = -271*b - 5. Let p(u) = 2*a(u) + 9*k(u). Suppose 2*s - 1 = 3. Is p(s) composite?
False
Suppose -5*a - 4*m + 12553 + 50356 = 0, 12582 = a + m. Is a composite?
True
Let m(y) be the second derivative of y**5/20 + y**4/12 + y**3/3 - y**2/2 + 5*y. Let p be m(-2). Let j(o) = -o**3 - 4*o**2 + 11*o + 13. Is j(p) composite?
True
Suppose 0*i = 2*i - 60. Suppose -3*b + 75 = -i. Is b + (1/1 - -2) prime?
False
Is 7/(-14)*(7 - 1649) prime?
True
Let k = -1128 - -3167. Is k a prime number?
True
Let k(r) = -25*r + 45529. Is k(0) composite?
True
Suppose -4*h + 1446 = -h - w, 6 = -2*w. Is h a prime number?
False
Let w = 823 + 1734. Is w a prime number?
True
Suppose -13*p + 3022 = -28737. Is p prime?
False
Suppose 0 = -2*w - 5 - 721. Suppose 218 = -5*m + 4*m. Let q = m - w. Is q composite?
True
Let y = 12 - 21. Is (-235)/y + 8/(-72) composite?
True
Suppose -3*b - 18 = 3. Let z = 14 - b. Is (-14)/z - (-1625)/3 prime?
True
Suppose 5*y - 28 = 7. Let i(m) = -m**3 - 15*m**2 - 16*m - 22. Let d be i(-14). Is (-3)/(((-63)/d)/y) a composite number?
False
Suppose -1228 = -3*w + 4*d - 5*d, -4*d - 2041 = -5*w. Is w a composite number?
False
Let o(l) = -l**3 + 22*l**2 - 13*l + 3. Let r be o(21). Let p = 46 + r. Is p prime?
False
Let p = 4 - -2. Suppose -5397 = p*f - 9*f. Is f a composite number?
True
Suppose -11*w + 143874 = 7*w. Is w a composite number?
False
Let q = 3 + 0. Suppose j = q*x + 2366, 0*x + 4*x + 16 = 0. Suppose 3*a + 2*u - j = u, a = -4*u + 781. Is a a prime number?
False
Let h(u) = 7*u**2 + 5*u - 2. Let z be h(-5). Let i = z + -27. Is i a composite number?
True
Is (-6)/4*18516/(-18) a composite number?
False
Suppose -2*p + 3*c = -36932, -2*c = p - 10979 - 7480. Is p a composite number?
True
Let a(u) = u + 15. Let c be a(-14). Suppose 5*z + c = -4. Is (-12)/((-4)/z) + 520 composite?
True
Let g(k) be the first derivative of -k**4/2 - k**3 - 5*k**2/2 + 3*k + 1. Let d be (4/(-1) + 0)/((-1)/(-1)). Is g(d) a composite number?
False
Let i(l) = -396*l - 21. Let p be i(-5). Let g = p - 70. Is g a composite number?
False
Let s = -838 - -1642. Suppose 5*a - a - s = 0. Let c = a + -58. Is c composite?
True
Suppose -13428 = -4*s + 6800. Is s prime?
False
Suppose 4*k + 0 - 16 = 0. Suppose 0 = -5*u + 4*c + 2347, -k*c = c + 15. Let z = 276 + u. Is z prime?
True
Let u(o) = -o**3 + 6*o**2 + 7*o + 5. Let r be u(7). Suppose 3*g = -2*p + 2109, -2*g = -5*g + r*p + 2088. Is g prime?
True
Let z(k) = k + 5. Let d be z(13). Let o = d + -8. Is (-9)/(-6) + 3295/o composite?
False
Let c = 11 - 8. Suppose r = c*r - 598. Is r prime?
False
Suppose -4*d + 91 = 83. Let m = -282 + 570. Suppose d*f - 658 = m. Is f prime?
False
Let h(v) = v. Let g be h(5). Suppose -i - 519 - 362 = g*t, -3*t + 3*i - 525 = 0. Is t/(-24) + 2/(-6) a composite number?
False
Let y = 34 + -28. Suppose 0*j + y*j = 2